isor of c and 8?
4
Suppose -15*j + 16*j - 5 = 0. Let u = j + -3. Calculate the greatest common factor of u and 2.
2
Suppose 8 = -0*b + 4*b. Let w be (b/(-4))/(13/(-1638)). What is the greatest common divisor of w and 7?
7
Suppose 4*f - 62 = -10. Let l(x) = f*x**2 - x + 5 + 0*x - 5. Let b be l(1). What is the greatest common factor of b and 30?
6
Let w be (-8)/(-14) - (-24)/7. Suppose 5*g = w*j + 3*g - 564, 4*g - 445 = -3*j. Calculate the greatest common factor of 13 and j.
13
Suppose o - r + 122 = 0, 4*r + 528 = 3*o - 7*o. Suppose 13*s - 1536 = 5*s. Let b = o + s. What is the greatest common divisor of b and 13?
13
Let j be (-1 + -2 + 7)/2. Suppose 8*w - 36 = j*w. Suppose 5*i + 3*h - 42 - w = 0, 5*i + 5*h - 50 = 0. Calculate the highest common divisor of 81 and i.
9
Suppose -16*z = -14*z - 10. Let n be z/(70/(-15) + 5). Calculate the highest common factor of 9 and n.
3
Let b(p) = 28*p**3 + 2*p**2 - 2*p + 3. Let y be b(1). What is the highest common divisor of 155 and y?
31
Suppose 215*c + 14 = 222*c. What is the greatest common factor of c and 10?
2
Suppose 57*b = -760 + 3838. What is the greatest common factor of 99 and b?
9
Let l be (190/30)/((-3)/(-621)). What is the highest common divisor of l and 138?
69
Let v be 27/5 - (-9)/15 - -9. What is the greatest common factor of v and 3?
3
Suppose 0 = -2*c - 23 + 221. Let v be ((-33)/(-9))/(-4*1/(-12)). What is the highest common divisor of c and v?
11
Let r be 184/(-30) + (-6)/(-45). Let f be ((-64)/(-3))/(r/(-9)). Calculate the greatest common divisor of f and 16.
16
Suppose 7*l - 269 = 641. What is the greatest common factor of 40 and l?
10
Suppose 144*j - 166*j = -43648. Calculate the highest common divisor of 64 and j.
64
Let n = -6 + 11. Let c(a) = 2*a - 18. Let w be c(9). Suppose w*s = n*s - 40. Calculate the highest common factor of 32 and s.
8
Suppose -4*w - 5*i + 11 = 0, -w + 5*i = 4 - 13. Let l be -4*(-4 + (10/4 - 0)). Calculate the greatest common factor of l and w.
2
Suppose -z + 9 = 7. Let x = -12 + 20. Let s = x - z. What is the greatest common divisor of 18 and s?
6
Let s be (-6)/4*24/(-9). Suppose -2*x + 0*k = -k - 130, 258 = s*x - k. Suppose 105*f + 216 = 132*f. Calculate the highest common divisor of x and f.
8
Let r be -1 - (-9 + 2)*-13 - 0. Let c = r + 95. Calculate the greatest common divisor of 18 and c.
3
Suppose -52*k + 56*k - 512 = 0. Let m(v) = 5*v + 1. Let s be m(3). What is the highest common factor of k and s?
16
Suppose -2*d + 5*d - 96 = 0. Let b = d + -13. Let u = 24 + -5. What is the highest common factor of u and b?
19
Let d(g) = -2*g - 10. Let c = -7 - -2. Let y be d(c). Let t be ((y - 18)/3)/(-2). Calculate the greatest common divisor of t and 21.
3
Let h be 3 + 1*(0 - -1). Suppose -h*s + 4*j + 8 = 2*j, j = 0. Let o be (-12)/(-9) - s/6. What is the greatest common factor of o and 4?
1
Let c be -19 + 2 + -5 + 2. Let b = 63 - 27. Let t = c + b. Calculate the greatest common divisor of 80 and t.
16
Suppose -6*d = -581 + 395. What is the greatest common factor of 1178 and d?
31
Let t(m) = -m**2 - m + 4. Let h be t(0). Let z be 16/h - -6 - 1. Calculate the greatest common factor of 72 and z.
9
Let h be (-461)/(-9) - (-2)/(-9). What is the greatest common factor of h and 12?
3
Suppose j - 5*o = -3*j + 77, 3*o = 4*j - 83. Calculate the highest common divisor of 713 and j.
23
Suppose -5*b + 2*d = -2*d - 39, 36 = 5*b - d. Calculate the highest common factor of 546 and b.
7
Suppose 21 = -3*n + 9. Let d be (-2 - -5)/((-6)/n). Let u be 2*3 - (2 - d). Calculate the highest common factor of u and 30.
6
Let s(a) = 7*a + 5 + 3 + 7 - 38. Let o be s(7). What is the greatest common factor of 39 and o?
13
Let h = 273 - 201. Calculate the greatest common factor of 120 and h.
24
Suppose q = 5*k - 3301, 5*q + 0*q = k - 641. Suppose -6*n = -137 - k. Calculate the greatest common divisor of 19 and n.
19
Suppose -2*p = -5*p + 2*y + 16, -2 = -p + 4*y. What is the greatest common factor of p and 42?
6
Let z be (-1)/6 + 207/(-54). Let y be ((-3)/2 + -1)*z. Calculate the highest common divisor of y and 2.
2
Let z be 6/3 + 228/(-6). Let t be 38/8 + (-9)/z. Suppose -2*w = 5*o + 1 - 7, t*w - 30 = -5*o. Calculate the highest common divisor of w and 8.
8
Let c(y) = -y**3 - 26*y**2 - 72*y - 5. Let q be c(-23). Calculate the greatest common factor of 1280 and q.
64
Let d = 180 + -126. Let a = 9599 - 9383. What is the highest common divisor of d and a?
54
Let m = -72 + 56. Let h = 52 + m. Let k be 24 - (-1 - (-1 + 0)). What is the highest common divisor of k and h?
12
Let j(b) = b**3 + 11*b**2 + 16*b - 35. Let d be j(-6). Calculate the highest common divisor of 7 and d.
7
Let n be (39 - -1) + (-75)/15. Suppose 50 = -2*b - 3*b. Let m = n - b. What is the highest common factor of 15 and m?
15
Suppose 2*h = -j + 234 - 66, 252 = 3*h + j. What is the greatest common factor of 112 and h?
28
Let q(k) = k**2 + 8*k + 3. Let r be q(-5). Let g be (3/(-1))/(r/40). Let x = 57 - 17. What is the highest common factor of g and x?
10
Let q(x) = x**3 - 30*x**2 + 36*x - 3. Let k be q(29). What is the greatest common divisor of 500 and k?
100
Let c be 2 + 1 + -1 + -2. Suppose -4*s + 4*z + 84 = c, -s = 4*s - z - 85. Calculate the highest common factor of s and 176.
16
Let s be (-23)/(-2)*(10*1 + -2). Suppose -101 = -2*j - 5*z, 2*z + z = 3*j - 183. Let c = 81 - j. Calculate the greatest common factor of s and c.
23
Suppose 100 = 4*q - 0*q. Suppose 26*s - q*s = -140. Let a be (s/(-50))/((-1)/(-5)). What is the greatest common factor of a and 126?
14
Let c(m) = 3*m**2 - 7*m - 7. Suppose -5*f + 81 - 61 = 0. Let x be c(f). What is the greatest common divisor of x and 91?
13
Suppose 5*u - 2*v = v - 45, 5*v = 25. Let t = u - -26. Let y be -5*(-168)/t*1. Calculate the greatest common divisor of 14 and y.
14
Suppose 3*n + 2*n - 135 = 0. Suppose 0 = -29*i + n*i + 12. Calculate the greatest common divisor of 2 and i.
2
Let x(d) = 2*d**2 - 3*d - 2. Let m be 34/9 - (-18)/81. Let v be x(m). Let a be v + (-1 - -2)*1. What is the highest common divisor of 171 and a?
19
Suppose 24*y + 11*y = 2380. Calculate the greatest common divisor of 4 and y.
4
Suppose 2*s - 24 = d, -5*s + d = -d - 58. Suppose -3*c = -28 - 302. Calculate the highest common divisor of s and c.
10
Suppose 432 = -959*i + 967*i. What is the greatest common factor of 30 and i?
6
Let q(v) = 92*v**3 + v**2 - 2*v + 1. Let g(u) = -u**3 - 3*u**2 + 6*u + 9. Let d be g(-4). Let x be q(d). What is the highest common factor of x and 23?
23
Let a = 12 + -10. Suppose -a*b + 0*b = -16. Suppose b*l = 7*l + 144. What is the greatest common factor of l and 18?
18
Let j = -130 - -265. Let r = j + -41. Calculate the greatest common divisor of 235 and r.
47
Let i be 90/11 - 44/242. Calculate the highest common factor of i and 5.
1
Let g = 4 - -2. Let s be ((-189)/(-6))/(-7)*-2. Suppose -7*o - g = -s*o. What is the highest common factor of 33 and o?
3
Let b be 96/(-2) + (-88)/(-22). Let h = b + 83. Calculate the greatest common divisor of 13 and h.
13
Suppose -10*q + 6*q = -5*c + 13328, -2*q = -6. What is the greatest common divisor of c and 92?
92
Let t = 786 - 682. Calculate the highest common factor of t and 39.
13
Suppose 0*w + w - 3*f = 29, 0 = -4*w + 2*f + 66. Let x = 35 - -7. What is the greatest common divisor of w and x?
14
Let q = -109 - -5. Let u = -62 - q. Calculate the highest common factor of 6 and u.
6
Let h(v) = -v**2 + 40*v + 48. Let i be h(0). Suppose -26 - 46 = -3*n. Calculate the highest common factor of n and i.
24
Let k = -1 - -5. Let r be (-4)/((-32)/k)*4. Suppose -r*d + 46 = -10. What is the greatest common factor of d and 70?
14
Let v = -2862 - -2924. Let y be 4/(-22) + (-2050)/(-22). What is the highest common factor of y and v?
31
Suppose 0 = 7*f + 372 - 1128. What is the greatest common factor of f and 135?
27
Let m = 529 - 312. Suppose 13 = r - 18. What is the greatest common divisor of m and r?
31
Suppose 4*z - 4*g = -2*g + 42, 3*g - 47 = -5*z. Suppose 0 = -4*l + 65 + 335. Calculate the greatest common factor of z and l.
10
Let v = 19 - 36. Let w = v + 39. What is the greatest common factor of 66 and w?
22
Let w be (2/5)/((-8)/(-80)). Suppose 0 = -w*u - 5*n + 119, -4*n + 25 = 3*u - 65. Let g be (-1)/3 + (-5154)/(-18). What is the greatest common factor o